= -2*j. List the prime factors of j.
2, 17
Suppose 7*a = 7 + 21. List the prime factors of a.
2
Suppose -1 - 195 = -4*i. What are the prime factors of i?
7
Let l(k) = k**2 - 6*k - 4. List the prime factors of l(8).
2, 3
Let k(a) = -2*a + 1. Let f(c) = -c. Let n(h) = 5*f(h) - 3*k(h). What are the prime factors of n(11)?
2
Let f = -6 - -23. Suppose 3*a = 5*y + f + 17, -3*a + 26 = -y. List the prime factors of a.
2
Let j be 2*(-1)/((-2)/7). Suppose -5*s = o + 2*o - j, -3 = s + 5*o. Suppose -3*g + 2*n = -s*g - 9, 0 = -2*g + 2*n + 24. List the prime factors of g.
3, 5
Suppose -3*g = g + 88. Let s = -11 - g. Let v = 22 - s. What are the prime factors of v?
11
Let o(i) = 2*i + 5. Let d be o(0). Suppose 9 = 3*q - 6. Suppose g + 5 = -0*g + q*v, -15 = -d*v. List the prime factors of g.
2, 5
Let c(i) = 5*i + 6*i + 1 - i - 2*i - i**2. What are the prime factors of c(6)?
13
Let c = 284 - 43. What are the prime factors of c?
241
Let h(j) = -5*j. Let m be h(-1). Suppose 14 = 5*v - v - 2*r, -4*v = m*r - 49. What are the prime factors of v?
2, 3
Let u = 11 - -73. List the prime factors of u.
2, 3, 7
Suppose -121 = -4*n - a, n - 46 = 2*a + 3*a. Let d = 57 - n. What are the prime factors of d?
2, 13
List the prime factors of -51*(-4 + 1*3/(-9)).
13, 17
Suppose 8*o - 4*o = 16. Suppose x - 60 = -o*x. List the prime factors of x.
2, 3
Let p(t) = t**3 - 9*t**2 - 11*t + 11. Let u be p(10). Let o be ((-3)/6)/(u/(-6)). Suppose -o*x - 36 = -7*x. What are the prime factors of x?
3
Let v be (-4 - -2)*1 + -62. Let a = -32 - v. What are the prime factors of a?
2
Suppose 0 = 2*b + 1 - 67. Suppose y - 5*s = -2*y + 27, 3*y + 2*s = 6. Suppose -40 = -2*d + y*v, -7 - b = -2*d - 3*v. List the prime factors of d.
2, 5
What are the prime factors of -7 - -3 - (-2 - 98 - 2)?
2, 7
Suppose -4*p + 4*f + 148 = 0, -3*f - 114 = 5*p - 315. Suppose 5*g = m - 31, 0*m - 4*m + p = -3*g. List the prime factors of m.
2, 3
Suppose 42 = 2*q + q. Let x = q - 24. What are the prime factors of ((-5)/x)/(1/14)?
7
Let a = -28 - -40. Let y = a + 5. What are the prime factors of y?
17
Let q(d) = -d**2 - 10*d + 11. Let a be (3/2)/((-15)/(-200)). Suppose -7*l + a = -2*l, -2*l = g + 2. What are the prime factors of q(g)?
11
Let v(b) be the second derivative of -b**5/20 - b**4/2 - b**3 + 3*b**2 - 4*b. What are the prime factors of v(-5)?
11
What are the prime factors of (0 + -3)*(-40 - 4/2)?
2, 3, 7
Let g be -5*2 + -3 + 3. Let j be g/15 - (-34)/6. Suppose -j*n + 29 + 21 = 0. List the prime factors of n.
2, 5
List the prime factors of (-1275)/(-27) + 2/(-9).
47
Suppose -3*y = -4*j - 0*y + 15, -5*j = y + 5. Let b(i) = -i + 5. List the prime factors of b(j).
5
Suppose 0*v - z = -4*v - 15, 4*v - 3*z = -21. List the prime factors of -1 - (v/1 + -28).
2, 3, 5
Suppose 4*o - 4*b + 0*b - 260 = 0, 3*b = 4*o - 258. What are the prime factors of o?
3, 7
Let x = -69 - -191. What are the prime factors of x?
2, 61
Let d = 6 + -2. Suppose 2*y = -3*y - d*s + 18, 2*y - 18 = 2*s. Suppose -4*c + 3*v = -y, 0*c + 2*c - v - 4 = 0. What are the prime factors of c?
3
What are the prime factors of (-41 + (3 - 0))/((-3)/6)?
2, 19
Let i(f) = f**3 + 9*f**2 + 5*f - 7. Let o be i(-5). Suppose 4*z - o = -4*s + 32, 0 = s + 5*z - 41. List the prime factors of s.
3, 7
Suppose -3*o = -41 + 2. Let k = -10 + o. List the prime factors of k.
3
Let j = 89 + -39. What are the prime factors of j?
2, 5
Let i = 5 - -5. Let q(n) = 3*n - 15. Let t be q(i). What are the prime factors of 16/5 + (-3)/t?
3
Suppose 4*n = 5*c + 33, 0*n = 3*c + 4*n + 7. Let z = 5 + c. Suppose 2*r - 12 = -z. What are the prime factors of r?
2, 3
Let j(q) = -q**3 + 17*q**2 + 25*q - 40. What are the prime factors of j(18)?
2, 43
Let m(y) = -y**3 - y**2 + y + 58. Let z(o) = -2*o**3 - 2*o**2 + 2*o + 59. Let j(h) = 3*m(h) - 2*z(h). List the prime factors of j(0).
2, 7
Suppose g + g + 4*s - 80 = 0, -2*g = -s - 70. List the prime factors of g.
2, 3
Suppose 2*a = 5*a - 51. List the prime factors of a.
17
Let x(z) = z - z**3 + 3*z + 5 - 2 + 5*z**2. List the prime factors of x(5).
23
Suppose w = 4*w + 6, 205 = -3*x + w. Let b = -39 - x. What are the prime factors of b?
2, 3, 5
Let a(c) = 7*c**2 + c - 12. Let h(i) = -20*i**2 - 4*i + 35. Let r(y) = -17*a(y) - 6*h(y). List the prime factors of r(-9).
2, 3
Let l(n) = -7*n**3 + 2*n**2. What are the prime factors of l(-2)?
2
Let j(c) = c**2 - 11*c + 5. Let s be (-670)/(-50) - (-2)/(-5). What are the prime factors of j(s)?
31
List the prime factors of 4 + ((-24)/(-15))/(4/340).
2, 5, 7
Let y = 4 + -5. Let j = y - -2. Suppose j = -4*x + 33. List the prime factors of x.
2
Let f = 35 - -108. What are the prime factors of f?
11, 13
Suppose -4*u - 1 = -i - 0*u, 0 = -2*i + u + 16. List the prime factors of i.
3
Suppose 11 = -3*y + 2*y - g, 2*y - 3*g = -12. List the prime factors of (y/(-12))/(1/28).
3, 7
Let c = -25 - -10. Let p = -6 - c. What are the prime factors of p?
3
Suppose 6*n = n + 185. Suppose -3*a + n = -5*z, 4 + 1 = -z. Suppose -5*u + 40 = 5*m, -2*m - a*u + 5*u = -7. List the prime factors of m.
5
Suppose -2*b + 3*b = 12. Suppose 0 = -2*k + b + 4. What are the prime factors of k?
2
Suppose 3*v + 0 = 6, -u - v + 26 = 0. List the prime factors of u.
2, 3
Let c = 11 - -8. Suppose 0 = -y - 4*y. Suppose y = 5*m + t - 52, 4*m + t = 2*m + c. List the prime factors of m.
11
Let a be (-12)/(-9)*(-6)/(-4). Suppose a*t = -1 + 5. Suppose t*v - 7*v = -4*s - 66, -s - 44 = -4*v. List the prime factors of v.
2, 5
Let k = 4 - 4. Let d = 13 + k. Suppose -37 = -5*y + d. List the prime factors of y.
2, 5
Let o be -4 + -1*(17 + 2). Let j = 0 - o. List the prime factors of j.
23
Let h = -39 + 57. Suppose -3*p - 5 = 3*z + 7, h = -2*p + 3*z. List the prime factors of (p/(-2))/((-3)/(-5)).
5
Suppose -46 = -t + b - 4*b, 2*b - 178 = -5*t. Let p = -12 + t. What are the prime factors of p?
2, 11
Suppose -a + c + 2*c = 0, -5*c - 20 = -5*a. List the prime factors of a.
2, 3
List the prime factors of 35*((-8)/(-14) - 15/(-35)).
5, 7
Let g(r) = 184*r - 1. List the prime factors of g(1).
3, 61
Suppose -4*g - x = -685, -g = -3*g - 5*x + 365. What are the prime factors of g?
2, 5, 17
Suppose -m = -j - 18, 5*m - 184 + 54 = -5*j. Suppose -5*p - 128 = -3*u, 2*u - 37 - 55 = 5*p. Let l = u - m. What are the prime factors of l?
2, 7
Let i = -13 - -19. What are the prime factors of i + (0 - -2)*1?
2
Let s(z) = 4*z - 1. What are the prime factors of s(10)?
3, 13
Let o = 66 + -33. What are the prime factors of o?
3, 11
Let w be 1*(4 + -3 - -3). Suppose -w*s + 11 + 33 = 0. List the prime factors of s.
11
Suppose 3 = 3*t, 5*v + 0*v - 2*t - 23 = 0. Suppose -3*i + 102 = 2*k, v*i - 5*k + k - 148 = 0. Suppose 0*r - i = -4*r. What are the prime factors of r?
2
Suppose 3*n - 82 = -2*d, -5*d - 9 = -n - 2*d. What are the prime factors of n?
2, 3
Let s = -2 - 0. Let z be s/(-7) + (-44)/7. What are the prime factors of 13/2 + 3/z?
2, 3
Suppose -3*q + 14 = -0*q - z, 0 = 5*q - 2*z - 24. What are the prime factors of (2 - q/1) + 13?
11
Let z = -11 + 21. Suppose 0*l + 2*l = z. Suppose 4*h = l*w - 10 + 1, 3*w - 4*h + 1 = 0. List the prime factors of w.
5
Suppose -5*k + 729 = 2*f, 4 = -3*k - 3*f + 445. What are the prime factors of k?
5, 29
Let q = -171 + 237. What are the prime factors of q?
2, 3, 11
Suppose 15 = -r + 6*r. Suppose b = -5*g + 85, 2*g - r*b - 2*b = 7. What are the prime factors of g?
2
Suppose 4*b - 2*l - 278 = 0, -2*b = 2*l - 132 - 22. What are the prime factors of b?
2, 3
Suppose 2*z + 2*z = 72. Let q = -13 + z. What are the prime factors of q?
5
Let v = 24 - 9. Let j = v - 12. List the prime factors of j.
3
Suppose 2*x - 16 = -2*b - 2*b, 4*x - 32 = b. Let q = 12 - x. Suppose q*h - 3*h - 5 = 0. List the prime factors of h.
5
Suppose 23*n = 7*n + 960. What are the prime factors of n?
2, 3, 5
Suppose 0 = -2*k - 2, 2*k + 8 = 3*n - 0*k. Suppose -n*y + 5*b + 14 = 0, 0 = -y - 5*b - 6 - 2. Let j = y - -6. What are the prime factors of j?
2
Let c(g) = -g**2 - 13*g + 14. What are the prime factors of c(-6)?
2, 7
Suppose 7 - 37 = 5*q. Let d(c) be the third derivative of c**5/60 + c**4/6 - 7*c**3/6 - 3*c**2. What are the prime factors of d(q)?
5
Let l(i) be the second derivative of i**7/840 + i**5/60 - i**4/24 + i**3/3 + i. Let x(h) be the second derivative of l(h). List the prime factors of